104.22.17.43 - - [21/Jun/2026:20:21:18 +0530] "POST /wp-login.php HTTP/1.1" 200 6973 "-" "Mozilla/5.0 (Windows NT 10.0; Win64; rv:143.0) Gecko/20100101 Firefox/143.0"
172.70.162.74 - - [21/Jun/2026:20:22:24 +0530] "POST /wp-cron.php?doing_wp_cron=1782053544.6001100540161132812500 HTTP/1.1" 200 4109 "-" "WordPress/7.0; https://sevasamarpancharitabletrust.org"
172.68.151.15 - - [21/Jun/2026:20:22:23 +0530] "GET / HTTP/1.1" 301 4109 "-" "Hello from Palo Alto Networks, find out more about our scans in https://docs-cortex.paloaltonetworks.com/r/1/Cortex-Xpanse/Scanning-activity"
172.71.130.226 - - [21/Jun/2026:20:22:24 +0530] "GET / HTTP/1.1" 200 31304 "-" "Hello from Palo Alto Networks, find out more about our scans in https://docs-cortex.paloaltonetworks.com/r/1/Cortex-Xpanse/Scanning-activity"
162.158.216.85 - - [21/Jun/2026:20:24:27 +0530] "POST /wp-cron.php?doing_wp_cron=1782053667.7859950065612792968750 HTTP/1.1" 200 4109 "-" "WordPress/7.0; https://sevasamarpancharitabletrust.org"
172.71.144.30 - - [21/Jun/2026:20:24:27 +0530] "GET /wp-login.php HTTP/1.1" 200 6816 "-" "Mozilla/5.0"
172.71.144.16 - - [21/Jun/2026:20:24:29 +0530] "GET /?author=1 HTTP/1.1" 301 4130 "-" "Mozilla/5.0"
172.71.144.30 - - [21/Jun/2026:20:24:29 +0530] "GET /?rest_route=/wp/v2/users HTTP/1.1" 200 5386 "-" "Mozilla/5.0"
172.71.144.16 - - [21/Jun/2026:20:24:31 +0530] "GET /?author=2 HTTP/1.1" 200 22217 "-" "Mozilla/5.0"
172.71.144.30 - - [21/Jun/2026:20:24:32 +0530] "GET /?rest_route=/wp/v2/users HTTP/1.1" 200 5386 "-" "Mozilla/5.0"
172.70.86.136 - - [21/Jun/2026:20:30:14 +0530] "POST /wp-cron.php?doing_wp_cron=1782054014.1570129394531250000000 HTTP/1.1" 200 4109 "-" "WordPress/7.0; https://sevasamarpancharitabletrust.org"
172.68.164.65 - - [21/Jun/2026:20:30:13 +0530] "GET /wp-login.php HTTP/1.1" 200 6816 "-" "Mozilla/5.0 (Macintosh; Intel Mac OS X 10_15_7) AppleWebKit/537.36 (KHTML, like Gecko) Chrome/133.0.0.0 Safari/537.36"
172.68.164.104 - - [21/Jun/2026:20:30:15 +0530] "POST /wp-login.php HTTP/1.1" 200 6954 "https://sevasamarpancharitabletrust.org/wp-login.php" "Mozilla/5.0 (Macintosh; Intel Mac OS X 10_15_7) AppleWebKit/537.36 (KHTML, like Gecko) Chrome/133.0.0.0 Safari/537.36"
172.70.86.135 - - [21/Jun/2026:20:34:58 +0530] "POST /wp-cron.php?doing_wp_cron=1782054298.7314820289611816406250 HTTP/1.1" 200 4109 "-" "WordPress/7.0; https://sevasamarpancharitabletrust.org"
104.23.251.60 - - [21/Jun/2026:20:34:58 +0530] "GET /wp-login.php HTTP/1.1" 200 6816 "-" "Mozilla/5.0 (Windows NT 10.0; Win64; x64; rv:133.0) Gecko/20100101 Firefox/133.0"
104.23.251.94 - - [21/Jun/2026:20:35:02 +0530] "POST /wp-login.php HTTP/1.1" 200 6975 "https://sevasamarpancharitabletrust.org/wp-login.php" "Mozilla/5.0 (Windows NT 10.0; Win64; x64; rv:133.0) Gecko/20100101 Firefox/133.0"
172.71.178.54 - - [21/Jun/2026:20:37:02 +0530] "POST /wp-cron.php?doing_wp_cron=1782054422.4321329593658447265625 HTTP/1.1" 200 4109 "-" "WordPress/7.0; https://sevasamarpancharitabletrust.org"
104.22.17.43 - - [21/Jun/2026:20:37:01 +0530] "POST /wp-login.php HTTP/1.1" 200 6973 "-" "Mozilla/5.0 (Windows NT 10.0; Win64; rv:143.0) Gecko/20100101 Firefox/143.0"
172.71.241.53 - - [21/Jun/2026:20:37:02 +0530] "POST /wp-cron.php?doing_wp_cron=1782054422.4316639900207519531250 HTTP/1.1" 200 4109 "-" "WordPress/7.0; https://sevasamarpancharitabletrust.org"
172.69.22.52 - - [21/Jun/2026:20:37:01 +0530] "POST /wp-login.php HTTP/1.1" 200 6968 "-" "Mozilla/5.0 (Windows NT 10.0; Win64; x64) AppleWebKit/537.36 Chrome/129.0.0.0 Safari/537.36"
172.70.208.54 - - [21/Jun/2026:20:39:25 +0530] "POST /xmlrpc.php HTTP/2.0" 403 86 "-" "Jetpack by WordPress.com (Jetpack 13.0; WordPress 6.2)"
172.70.208.101 - - [21/Jun/2026:20:39:36 +0530] "POST /xmlrpc.php HTTP/2.0" 403 86 "-" "Jetpack/12.5; WordPress/6.1; http://site50339531.com"
172.70.208.54 - - [21/Jun/2026:20:39:46 +0530] "POST /xmlrpc.php HTTP/2.0" 403 86 "-" "Jetpack/12.1; WordPress/6.2; http://site94993541.com"
172.70.208.54 - - [21/Jun/2026:20:39:57 +0530] "POST /xmlrpc.php HTTP/2.0" 403 86 "-" "Jetpack by WordPress.com"
172.70.208.54 - - [21/Jun/2026:20:40:07 +0530] "POST /xmlrpc.php HTTP/2.0" 403 86 "-" "Jetpack by WordPress.com (Jetpack 12.5; WordPress 6.3)"
172.70.208.54 - - [21/Jun/2026:20:40:18 +0530] "POST /xmlrpc.php HTTP/2.0" 403 86 "-" "WordPress.com; https://wordpress.com"
172.70.208.54 - - [21/Jun/2026:20:40:29 +0530] "POST /xmlrpc.php HTTP/2.0" 403 86 "-" "Jetpack by WordPress.com"
172.70.208.54 - - [21/Jun/2026:20:40:39 +0530] "POST /xmlrpc.php HTTP/2.0" 403 86 "-" "Jetpack by WordPress.com"
172.70.208.54 - - [21/Jun/2026:20:40:50 +0530] "POST /xmlrpc.php HTTP/2.0" 403 86 "-" "Jetpack/13.0; WordPress/6.2; http://site76483136.com"
172.70.208.54 - - [21/Jun/2026:20:41:00 +0530] "POST /xmlrpc.php HTTP/2.0" 403 86 "-" "WordPress.com; https://wordpress.com"
172.70.208.54 - - [21/Jun/2026:20:41:11 +0530] "POST /xmlrpc.php HTTP/2.0" 403 86 "-" "Jetpack by WordPress.com"
172.70.208.54 - - [21/Jun/2026:20:41:21 +0530] "POST /xmlrpc.php HTTP/2.0" 403 86 "-" "Jetpack by WordPress.com (Jetpack 12.0; WordPress 6.4)"
172.70.208.54 - - [21/Jun/2026:20:41:32 +0530] "POST /xmlrpc.php HTTP/2.0" 403 86 "-" "WordPress.com; https://wordpress.com"
172.70.208.54 - - [21/Jun/2026:20:41:42 +0530] "POST /xmlrpc.php HTTP/2.0" 403 86 "-" "Jetpack/13.0; WordPress/6.1; http://site83678324.com"
172.70.208.54 - - [21/Jun/2026:20:41:53 +0530] "POST /xmlrpc.php HTTP/2.0" 403 86 "-" "Jetpack/12.5; WordPress/6.4; http://site72625170.com"
172.70.208.54 - - [21/Jun/2026:20:42:04 +0530] "POST /xmlrpc.php HTTP/2.0" 403 86 "-" "WordPress.com; https://wordpress.com"
172.70.208.54 - - [21/Jun/2026:20:42:14 +0530] "POST /xmlrpc.php HTTP/2.0" 403 86 "-" "Jetpack by WordPress.com"
172.70.208.54 - - [21/Jun/2026:20:42:25 +0530] "POST /xmlrpc.php HTTP/2.0" 403 86 "-" "Jetpack by WordPress.com (Jetpack 12.0; WordPress 6.1)"
172.70.208.54 - - [21/Jun/2026:20:42:35 +0530] "POST /xmlrpc.php HTTP/2.0" 403 86 "-" "Jetpack/13.0; WordPress/6.3; http://site85546547.com"
172.70.208.54 - - [21/Jun/2026:20:42:46 +0530] "POST /xmlrpc.php HTTP/2.0" 403 86 "-" "Jetpack by WordPress.com"
172.70.208.54 - - [21/Jun/2026:20:42:57 +0530] "POST /xmlrpc.php HTTP/2.0" 403 86 "-" "Jetpack/12.5; WordPress/6.3; http://site29113382.com"
172.70.208.54 - - [21/Jun/2026:20:43:07 +0530] "POST /xmlrpc.php HTTP/2.0" 403 86 "-" "Jetpack by WordPress.com"
172.70.208.54 - - [21/Jun/2026:20:43:18 +0530] "POST /xmlrpc.php HTTP/2.0" 403 86 "-" "WordPress.com; https://wordpress.com"
172.70.208.54 - - [21/Jun/2026:20:43:29 +0530] "POST /xmlrpc.php HTTP/2.0" 403 86 "-" "Jetpack by WordPress.com (Jetpack 12.1; WordPress 6.3)"
172.70.208.54 - - [21/Jun/2026:20:43:39 +0530] "POST /xmlrpc.php HTTP/2.0" 403 86 "-" "Jetpack/12.1; WordPress/6.1; http://site82101513.com"
172.70.208.54 - - [21/Jun/2026:20:43:50 +0530] "POST /xmlrpc.php HTTP/2.0" 403 86 "-" "WordPress.com; https://wordpress.com"
172.70.208.54 - - [21/Jun/2026:20:44:00 +0530] "POST /xmlrpc.php HTTP/2.0" 403 86 "-" "Jetpack by WordPress.com"
172.70.208.54 - - [21/Jun/2026:20:44:11 +0530] "POST /xmlrpc.php HTTP/2.0" 403 86 "-" "WordPress.com; https://wordpress.com"
172.70.208.54 - - [21/Jun/2026:20:44:22 +0530] "POST /xmlrpc.php HTTP/2.0" 403 86 "-" "Jetpack by WordPress.com (Jetpack 13.0; WordPress 6.2)"
172.70.208.54 - - [21/Jun/2026:20:44:32 +0530] "POST /xmlrpc.php HTTP/2.0" 403 86 "-" "WordPress.com; https://wordpress.com"
172.70.208.54 - - [21/Jun/2026:20:44:43 +0530] "POST /xmlrpc.php HTTP/2.0" 403 86 "-" "Jetpack by WordPress.com"
172.70.208.54 - - [21/Jun/2026:20:44:54 +0530] "POST /xmlrpc.php HTTP/2.0" 403 86 "-" "Jetpack by WordPress.com (Jetpack 12.0; WordPress 6.2)"
172.70.208.54 - - [21/Jun/2026:20:45:04 +0530] "POST /xmlrpc.php HTTP/2.0" 403 86 "-" "WordPress.com; https://wordpress.com"
172.70.208.54 - - [21/Jun/2026:20:45:15 +0530] "POST /xmlrpc.php HTTP/2.0" 403 86 "-" "Jetpack/13.0; WordPress/6.3; http://site44045876.com"
172.70.208.54 - - [21/Jun/2026:20:45:25 +0530] "POST /xmlrpc.php HTTP/2.0" 403 86 "-" "Jetpack by WordPress.com (Jetpack 12.1; WordPress 6.3)"
172.70.208.54 - - [21/Jun/2026:20:45:36 +0530] "POST /xmlrpc.php HTTP/2.0" 403 86 "-" "Jetpack by WordPress.com (Jetpack 13.0; WordPress 6.2)"
172.70.208.54 - - [21/Jun/2026:20:45:47 +0530] "POST /xmlrpc.php HTTP/2.0" 403 86 "-" "WordPress.com; https://wordpress.com"
172.70.208.54 - - [21/Jun/2026:20:45:57 +0530] "POST /xmlrpc.php HTTP/2.0" 403 86 "-" "Jetpack by WordPress.com"
172.70.208.54 - - [21/Jun/2026:20:46:08 +0530] "POST /xmlrpc.php HTTP/2.0" 403 86 "-" "Jetpack by WordPress.com"
172.70.208.54 - - [21/Jun/2026:20:46:18 +0530] "POST /xmlrpc.php HTTP/2.0" 403 86 "-" "Jetpack/12.5; WordPress/6.4; http://site98097537.com"
172.69.224.84 - - [21/Jun/2026:20:46:26 +0530] "POST /wp-cron.php?doing_wp_cron=1782054986.8530969619750976562500 HTTP/1.1" 200 4109 "-" "WordPress/7.0; https://sevasamarpancharitabletrust.org"
162.158.91.162 - - [21/Jun/2026:20:46:26 +0530] "GET /wp-login.php HTTP/1.1" 200 6816 "-" "Mozilla/5.0 (Macintosh; Intel Mac OS X 11_7_10) AppleWebKit/537.36 (KHTML, like Gecko) Chrome/133.0.0.0 Safari/537.36"
172.70.208.54 - - [21/Jun/2026:20:46:29 +0530] "POST /xmlrpc.php HTTP/2.0" 403 86 "-" "Jetpack by WordPress.com"
162.158.91.162 - - [21/Jun/2026:20:46:30 +0530] "POST /wp-login.php HTTP/1.1" 200 6975 "https://sevasamarpancharitabletrust.org/wp-login.php" "Mozilla/5.0 (Macintosh; Intel Mac OS X 11_7_10) AppleWebKit/537.36 (KHTML, like Gecko) Chrome/133.0.0.0 Safari/537.36"
172.70.208.54 - - [21/Jun/2026:20:46:39 +0530] "POST /xmlrpc.php HTTP/2.0" 403 86 "-" "WordPress.com; https://wordpress.com"
172.70.208.54 - - [21/Jun/2026:20:46:50 +0530] "POST /xmlrpc.php HTTP/2.0" 403 86 "-" "Jetpack by WordPress.com (Jetpack 12.0; WordPress 6.3)"
172.70.208.54 - - [21/Jun/2026:20:47:01 +0530] "POST /xmlrpc.php HTTP/2.0" 403 86 "-" "WordPress.com; https://wordpress.com"
172.70.208.54 - - [21/Jun/2026:20:47:11 +0530] "POST /xmlrpc.php HTTP/2.0" 403 86 "-" "Jetpack by WordPress.com (Jetpack 12.1; WordPress 6.1)"
172.70.208.54 - - [21/Jun/2026:20:47:22 +0530] "POST /xmlrpc.php HTTP/2.0" 403 86 "-" "WordPress.com; https://wordpress.com"
172.70.208.54 - - [21/Jun/2026:20:47:32 +0530] "POST /xmlrpc.php HTTP/2.0" 403 86 "-" "Jetpack/12.0; WordPress/6.3; http://site61683203.com"
172.70.208.54 - - [21/Jun/2026:20:47:43 +0530] "POST /xmlrpc.php HTTP/2.0" 403 86 "-" "Jetpack by WordPress.com"
172.70.208.54 - - [21/Jun/2026:20:47:54 +0530] "POST /xmlrpc.php HTTP/2.0" 403 86 "-" "Jetpack by WordPress.com (Jetpack 12.1; WordPress 6.3)"
172.70.208.54 - - [21/Jun/2026:20:48:04 +0530] "POST /xmlrpc.php HTTP/2.0" 403 86 "-" "Jetpack/12.1; WordPress/6.2; http://site61019810.com"
172.70.208.54 - - [21/Jun/2026:20:48:15 +0530] "POST /xmlrpc.php HTTP/2.0" 403 86 "-" "WordPress.com; https://wordpress.com"
172.70.208.54 - - [21/Jun/2026:20:48:25 +0530] "POST /xmlrpc.php HTTP/2.0" 403 86 "-" "Jetpack by WordPress.com"
172.70.208.54 - - [21/Jun/2026:20:48:36 +0530] "POST /xmlrpc.php HTTP/2.0" 403 86 "-" "Jetpack/12.1; WordPress/6.3; http://site22551530.com"
172.70.208.54 - - [21/Jun/2026:20:48:46 +0530] "POST /xmlrpc.php HTTP/2.0" 403 86 "-" "Jetpack by WordPress.com (Jetpack 13.0; WordPress 6.1)"
172.70.208.54 - - [21/Jun/2026:20:48:57 +0530] "POST /xmlrpc.php HTTP/2.0" 403 86 "-" "WordPress.com; https://wordpress.com"
172.70.208.54 - - [21/Jun/2026:20:49:07 +0530] "POST /xmlrpc.php HTTP/2.0" 403 86 "-" "Jetpack by WordPress.com (Jetpack 12.5; WordPress 6.1)"
172.70.208.54 - - [21/Jun/2026:20:49:18 +0530] "POST /xmlrpc.php HTTP/2.0" 403 86 "-" "Jetpack by WordPress.com"
172.70.208.54 - - [21/Jun/2026:20:49:29 +0530] "POST /xmlrpc.php HTTP/2.0" 403 86 "-" "Jetpack/13.0; WordPress/6.2; http://site39851175.com"
172.70.208.54 - - [21/Jun/2026:20:49:40 +0530] "POST /xmlrpc.php HTTP/2.0" 403 86 "-" "WordPress.com; https://wordpress.com"
172.70.208.54 - - [21/Jun/2026:20:49:50 +0530] "POST /xmlrpc.php HTTP/2.0" 403 86 "-" "Jetpack by WordPress.com"
172.70.208.54 - - [21/Jun/2026:20:50:01 +0530] "POST /xmlrpc.php HTTP/2.0" 403 86 "-" "Jetpack/12.0; WordPress/6.2; http://site37753556.com"
172.70.208.54 - - [21/Jun/2026:20:50:11 +0530] "POST /xmlrpc.php HTTP/2.0" 403 86 "-" "Jetpack by WordPress.com (Jetpack 12.0; WordPress 6.1)"
172.70.208.54 - - [21/Jun/2026:20:50:22 +0530] "POST /xmlrpc.php HTTP/2.0" 403 86 "-" "Jetpack by WordPress.com"
172.70.208.54 - - [21/Jun/2026:20:50:33 +0530] "POST /xmlrpc.php HTTP/2.0" 403 86 "-" "Jetpack by WordPress.com (Jetpack 12.5; WordPress 6.1)"
172.70.208.54 - - [21/Jun/2026:20:50:43 +0530] "POST /xmlrpc.php HTTP/2.0" 403 86 "-" "WordPress.com; https://wordpress.com"
172.70.208.54 - - [21/Jun/2026:20:50:54 +0530] "POST /xmlrpc.php HTTP/2.0" 403 86 "-" "Jetpack/13.0; WordPress/6.2; http://site46111775.com"
172.70.208.54 - - [21/Jun/2026:20:51:05 +0530] "POST /xmlrpc.php HTTP/2.0" 403 86 "-" "Jetpack by WordPress.com (Jetpack 12.1; WordPress 6.1)"
172.70.208.54 - - [21/Jun/2026:20:51:15 +0530] "POST /xmlrpc.php HTTP/2.0" 403 86 "-" "WordPress.com; https://wordpress.com"
172.70.208.54 - - [21/Jun/2026:20:51:26 +0530] "POST /xmlrpc.php HTTP/2.0" 403 86 "-" "WordPress.com; https://wordpress.com"
172.71.241.53 - - [21/Jun/2026:20:51:33 +0530] "POST /wp-cron.php?doing_wp_cron=1782055292.9770700931549072265625 HTTP/1.1" 200 4109 "-" "WordPress/7.0; https://sevasamarpancharitabletrust.org"
172.69.109.22 - - [21/Jun/2026:20:51:32 +0530] "GET /robots.txt HTTP/1.1" 301 4119 "-" "Mozilla/5.0 (Windows NT 10.0; Win64; x64) AppleWebKit/537.36 (KHTML, like Gecko) Chrome/103.0.5060.134 Safari/537.36"
172.70.208.54 - - [21/Jun/2026:20:51:36 +0530] "POST /xmlrpc.php HTTP/2.0" 403 86 "-" "WordPress.com; https://wordpress.com"
172.70.208.54 - - [21/Jun/2026:20:51:47 +0530] "POST /xmlrpc.php HTTP/2.0" 403 86 "-" "Jetpack by WordPress.com"
172.69.224.85 - - [21/Jun/2026:20:51:48 +0530] "POST /wp-cron.php?doing_wp_cron=1782055308.5436539649963378906250 HTTP/1.1" 200 4109 "-" "WordPress/7.0; https://sevasamarpancharitabletrust.org"
172.69.176.158 - - [21/Jun/2026:20:51:47 +0530] "GET /wp-login.php HTTP/1.1" 200 6816 "-" "Mozilla/5.0 (X11; Linux x86_64) AppleWebKit/537.36 (KHTML, like Gecko) Chrome/133.0.0.0 Safari/537.36 Edg/133.0.0.0"
172.69.176.18 - - [21/Jun/2026:20:51:49 +0530] "POST /wp-login.php HTTP/1.1" 200 6954 "https://sevasamarpancharitabletrust.org/wp-login.php" "Mozilla/5.0 (X11; Linux x86_64) AppleWebKit/537.36 (KHTML, like Gecko) Chrome/133.0.0.0 Safari/537.36 Edg/133.0.0.0"
172.70.208.54 - - [21/Jun/2026:20:51:58 +0530] "POST /xmlrpc.php HTTP/2.0" 403 86 "-" "Jetpack by WordPress.com (Jetpack 12.1; WordPress 6.3)"
172.70.208.54 - - [21/Jun/2026:20:52:08 +0530] "POST /xmlrpc.php HTTP/2.0" 403 86 "-" "Jetpack/12.0; WordPress/6.1; http://site49254933.com"
172.70.208.54 - - [21/Jun/2026:20:52:19 +0530] "POST /xmlrpc.php HTTP/2.0" 403 86 "-" "Jetpack by WordPress.com"
172.70.208.54 - - [21/Jun/2026:20:52:29 +0530] "POST /xmlrpc.php HTTP/2.0" 403 86 "-" "Jetpack by WordPress.com"
172.70.208.54 - - [21/Jun/2026:20:52:40 +0530] "POST /xmlrpc.php HTTP/2.0" 403 86 "-" "WordPress.com; https://wordpress.com"
172.71.158.7 - - [21/Jun/2026:20:52:48 +0530] "POST /wp-login.php HTTP/1.1" 200 6968 "-" "Mozilla/5.0 (Macintosh; Intel Mac OS X 10_15_7) AppleWebKit/605.1.15 Version/17.0 Safari/605.1.15"
141.101.98.182 - - [21/Jun/2026:20:52:49 +0530] "POST /wp-cron.php?doing_wp_cron=1782055369.6525321006774902343750 HTTP/1.1" 200 4109 "-" "WordPress/7.0; https://sevasamarpancharitabletrust.org"
162.158.167.20 - - [21/Jun/2026:20:52:48 +0530] "POST /wp-login.php HTTP/1.1" 200 6973 "-" "Mozilla/5.0 (Macintosh; Intel Mac OS X 10_15_7) AppleWebKit/605.1.15 Version/17.0 Safari/605.1.15"
172.70.208.54 - - [21/Jun/2026:20:52:51 +0530] "POST /xmlrpc.php HTTP/2.0" 403 86 "-" "Jetpack by WordPress.com (Jetpack 12.0; WordPress 6.4)"
172.70.208.54 - - [21/Jun/2026:20:53:01 +0530] "POST /xmlrpc.php HTTP/2.0" 403 86 "-" "WordPress.com; https://wordpress.com"
172.70.208.54 - - [21/Jun/2026:20:53:12 +0530] "POST /xmlrpc.php HTTP/2.0" 403 86 "-" "WordPress.com; https://wordpress.com"
172.70.208.54 - - [21/Jun/2026:20:53:23 +0530] "POST /xmlrpc.php HTTP/2.0" 403 86 "-" "Jetpack by WordPress.com"
172.70.208.54 - - [21/Jun/2026:20:53:33 +0530] "POST /xmlrpc.php HTTP/2.0" 403 86 "-" "Jetpack by WordPress.com (Jetpack 12.1; WordPress 6.4)"
172.70.208.54 - - [21/Jun/2026:20:53:44 +0530] "POST /xmlrpc.php HTTP/2.0" 403 86 "-" "Jetpack/12.1; WordPress/6.1; http://site46797636.com"
172.70.208.54 - - [21/Jun/2026:20:53:54 +0530] "POST /xmlrpc.php HTTP/2.0" 403 86 "-" "Jetpack by WordPress.com (Jetpack 12.0; WordPress 6.3)"
172.70.208.54 - - [21/Jun/2026:20:54:05 +0530] "POST /xmlrpc.php HTTP/2.0" 403 86 "-" "Jetpack by WordPress.com"
172.70.208.54 - - [21/Jun/2026:20:54:16 +0530] "POST /xmlrpc.php HTTP/2.0" 403 86 "-" "Jetpack by WordPress.com (Jetpack 12.1; WordPress 6.2)"
172.70.208.54 - - [21/Jun/2026:20:54:26 +0530] "POST /xmlrpc.php HTTP/2.0" 403 86 "-" "Jetpack/12.5; WordPress/6.3; http://site56030014.com"
172.70.208.54 - - [21/Jun/2026:20:54:37 +0530] "POST /xmlrpc.php HTTP/2.0" 403 86 "-" "Jetpack by WordPress.com"
172.70.208.54 - - [21/Jun/2026:20:54:47 +0530] "POST /xmlrpc.php HTTP/2.0" 403 86 "-" "WordPress.com; https://wordpress.com"
172.70.208.54 - - [21/Jun/2026:20:54:58 +0530] "POST /xmlrpc.php HTTP/2.0" 403 86 "-" "Jetpack by WordPress.com (Jetpack 13.0; WordPress 6.4)"
172.70.208.54 - - [21/Jun/2026:20:55:09 +0530] "POST /xmlrpc.php HTTP/2.0" 403 86 "-" "Jetpack by WordPress.com"
172.70.208.54 - - [21/Jun/2026:20:55:19 +0530] "POST /xmlrpc.php HTTP/2.0" 403 86 "-" "WordPress.com; https://wordpress.com"
172.70.208.54 - - [21/Jun/2026:20:55:30 +0530] "POST /xmlrpc.php HTTP/2.0" 403 86 "-" "Jetpack by WordPress.com"
172.70.208.54 - - [21/Jun/2026:20:55:40 +0530] "POST /xmlrpc.php HTTP/2.0" 403 86 "-" "Jetpack by WordPress.com (Jetpack 12.5; WordPress 6.3)"
172.70.208.54 - - [21/Jun/2026:20:55:51 +0530] "POST /xmlrpc.php HTTP/2.0" 403 86 "-" "Jetpack by WordPress.com (Jetpack 13.0; WordPress 6.4)"
172.70.208.54 - - [21/Jun/2026:20:56:02 +0530] "POST /xmlrpc.php HTTP/2.0" 403 86 "-" "Jetpack by WordPress.com (Jetpack 12.5; WordPress 6.4)"
172.70.208.54 - - [21/Jun/2026:20:56:12 +0530] "POST /xmlrpc.php HTTP/2.0" 403 86 "-" "Jetpack by WordPress.com (Jetpack 13.0; WordPress 6.2)"
172.70.208.54 - - [21/Jun/2026:20:56:23 +0530] "POST /xmlrpc.php HTTP/2.0" 403 86 "-" "Jetpack/13.0; WordPress/6.2; http://site97107352.com"
172.70.208.54 - - [21/Jun/2026:20:56:33 +0530] "POST /xmlrpc.php HTTP/2.0" 403 86 "-" "Jetpack/12.5; WordPress/6.3; http://site38551897.com"
172.70.208.54 - - [21/Jun/2026:20:56:44 +0530] "POST /xmlrpc.php HTTP/2.0" 403 86 "-" "Jetpack/12.5; WordPress/6.1; http://site12470743.com"
172.70.208.54 - - [21/Jun/2026:20:56:54 +0530] "POST /xmlrpc.php HTTP/2.0" 403 86 "-" "Jetpack by WordPress.com (Jetpack 12.1; WordPress 6.4)"
172.70.208.54 - - [21/Jun/2026:20:57:05 +0530] "POST /xmlrpc.php HTTP/2.0" 403 86 "-" "WordPress.com; https://wordpress.com"
172.70.208.54 - - [21/Jun/2026:20:57:15 +0530] "POST /xmlrpc.php HTTP/2.0" 403 86 "-" "WordPress.com; https://wordpress.com"
172.70.208.54 - - [21/Jun/2026:20:57:26 +0530] "POST /xmlrpc.php HTTP/2.0" 403 86 "-" "Jetpack/13.0; WordPress/6.3; http://site25130355.com"
172.70.208.54 - - [21/Jun/2026:20:57:37 +0530] "POST /xmlrpc.php HTTP/2.0" 403 86 "-" "Jetpack/13.0; WordPress/6.2; http://site16623494.com"
172.70.208.54 - - [21/Jun/2026:20:57:47 +0530] "POST /xmlrpc.php HTTP/2.0" 403 86 "-" "Jetpack/12.0; WordPress/6.4; http://site48373626.com"
172.70.208.54 - - [21/Jun/2026:20:57:58 +0530] "POST /xmlrpc.php HTTP/2.0" 403 86 "-" "WordPress.com; https://wordpress.com"
172.70.208.54 - - [21/Jun/2026:20:58:08 +0530] "POST /xmlrpc.php HTTP/2.0" 403 86 "-" "Jetpack/12.5; WordPress/6.2; http://site31351231.com"
172.70.208.54 - - [21/Jun/2026:20:58:19 +0530] "POST /xmlrpc.php HTTP/2.0" 403 86 "-" "Jetpack/12.5; WordPress/6.4; http://site80675338.com"
172.70.208.54 - - [21/Jun/2026:20:58:30 +0530] "POST /xmlrpc.php HTTP/2.0" 403 86 "-" "Jetpack by WordPress.com"
172.70.208.54 - - [21/Jun/2026:20:58:40 +0530] "POST /xmlrpc.php HTTP/2.0" 403 86 "-" "Jetpack/13.0; WordPress/6.3; http://site86669276.com"
172.70.208.54 - - [21/Jun/2026:20:58:51 +0530] "POST /xmlrpc.php HTTP/2.0" 403 86 "-" "Jetpack by WordPress.com"
172.70.208.54 - - [21/Jun/2026:20:59:01 +0530] "POST /xmlrpc.php HTTP/2.0" 403 86 "-" "WordPress.com; https://wordpress.com"
172.70.208.54 - - [21/Jun/2026:20:59:12 +0530] "POST /xmlrpc.php HTTP/2.0" 403 86 "-" "Jetpack/12.0; WordPress/6.1; http://site82280052.com"
172.70.208.54 - - [21/Jun/2026:20:59:22 +0530] "POST /xmlrpc.php HTTP/2.0" 403 86 "-" "Jetpack by WordPress.com (Jetpack 13.0; WordPress 6.3)"
172.70.208.54 - - [21/Jun/2026:20:59:33 +0530] "POST /xmlrpc.php HTTP/2.0" 403 86 "-" "WordPress.com; https://wordpress.com"
172.70.208.54 - - [21/Jun/2026:20:59:44 +0530] "POST /xmlrpc.php HTTP/2.0" 403 86 "-" "Jetpack by WordPress.com"
172.70.208.54 - - [21/Jun/2026:20:59:54 +0530] "POST /xmlrpc.php HTTP/2.0" 403 86 "-" "WordPress.com; https://wordpress.com"
172.70.208.54 - - [21/Jun/2026:21:00:05 +0530] "POST /xmlrpc.php HTTP/2.0" 403 86 "-" "WordPress.com; https://wordpress.com"
172.70.208.54 - - [21/Jun/2026:21:00:16 +0530] "POST /xmlrpc.php HTTP/2.0" 403 86 "-" "WordPress.com; https://wordpress.com"
172.70.208.54 - - [21/Jun/2026:21:00:26 +0530] "POST /xmlrpc.php HTTP/2.0" 403 86 "-" "Jetpack by WordPress.com (Jetpack 12.1; WordPress 6.2)"
172.70.208.54 - - [21/Jun/2026:21:00:37 +0530] "POST /xmlrpc.php HTTP/2.0" 403 86 "-" "Jetpack/12.0; WordPress/6.1; http://site17028614.com"
172.70.208.54 - - [21/Jun/2026:21:00:47 +0530] "POST /xmlrpc.php HTTP/2.0" 403 86 "-" "WordPress.com; https://wordpress.com"
172.70.208.54 - - [21/Jun/2026:21:00:58 +0530] "POST /xmlrpc.php HTTP/2.0" 403 86 "-" "WordPress.com; https://wordpress.com"
172.70.208.54 - - [21/Jun/2026:21:01:08 +0530] "POST /xmlrpc.php HTTP/2.0" 403 86 "-" "Jetpack/12.1; WordPress/6.3; http://site88419710.com"
172.70.208.54 - - [21/Jun/2026:21:01:19 +0530] "POST /xmlrpc.php HTTP/2.0" 403 86 "-" "Jetpack/12.1; WordPress/6.2; http://site63462825.com"
172.70.208.54 - - [21/Jun/2026:21:01:30 +0530] "POST /xmlrpc.php HTTP/2.0" 403 86 "-" "Jetpack/13.0; WordPress/6.1; http://site68059308.com"
172.70.208.54 - - [21/Jun/2026:21:01:40 +0530] "POST /xmlrpc.php HTTP/2.0" 403 86 "-" "Jetpack/12.1; WordPress/6.3; http://site26778001.com"
172.70.208.54 - - [21/Jun/2026:21:01:51 +0530] "POST /xmlrpc.php HTTP/2.0" 403 86 "-" "Jetpack by WordPress.com (Jetpack 12.1; WordPress 6.2)"
172.70.208.54 - - [21/Jun/2026:21:02:01 +0530] "POST /xmlrpc.php HTTP/2.0" 403 86 "-" "Jetpack by WordPress.com (Jetpack 12.5; WordPress 6.4)"
172.69.224.85 - - [21/Jun/2026:21:02:04 +0530] "POST /wp-cron.php?doing_wp_cron=1782055924.2254049777984619140625 HTTP/1.1" 200 4109 "-" "WordPress/7.0; https://sevasamarpancharitabletrust.org"
172.69.94.141 - - [21/Jun/2026:21:02:03 +0530] "GET /wp-login.php HTTP/1.1" 200 6816 "-" "Mozilla/5.0 (Macintosh; Intel Mac OS X 10_15_7) AppleWebKit/537.36 (KHTML, like Gecko) Chrome/133.0.0.0 Safari/537.36"
172.69.94.141 - - [21/Jun/2026:21:02:04 +0530] "POST /wp-login.php HTTP/1.1" 200 6954 "https://sevasamarpancharitabletrust.org/wp-login.php" "Mozilla/5.0 (Macintosh; Intel Mac OS X 10_15_7) AppleWebKit/537.36 (KHTML, like Gecko) Chrome/133.0.0.0 Safari/537.36"
172.70.208.54 - - [21/Jun/2026:21:02:12 +0530] "POST /xmlrpc.php HTTP/2.0" 403 86 "-" "WordPress.com; https://wordpress.com"
172.70.208.54 - - [21/Jun/2026:21:02:23 +0530] "POST /xmlrpc.php HTTP/2.0" 403 86 "-" "Jetpack/12.0; WordPress/6.4; http://site72657181.com"
172.70.208.54 - - [21/Jun/2026:21:02:33 +0530] "POST /xmlrpc.php HTTP/2.0" 403 86 "-" "Jetpack/12.5; WordPress/6.4; http://site91395757.com"
172.70.208.54 - - [21/Jun/2026:21:02:44 +0530] "POST /xmlrpc.php HTTP/2.0" 403 86 "-" "Jetpack by WordPress.com (Jetpack 12.1; WordPress 6.1)"
172.70.208.54 - - [21/Jun/2026:21:02:54 +0530] "POST /xmlrpc.php HTTP/2.0" 403 86 "-" "Jetpack by WordPress.com (Jetpack 13.0; WordPress 6.3)"
172.70.208.54 - - [21/Jun/2026:21:03:05 +0530] "POST /xmlrpc.php HTTP/2.0" 403 86 "-" "WordPress.com; https://wordpress.com"
172.70.208.54 - - [21/Jun/2026:21:03:16 +0530] "POST /xmlrpc.php HTTP/2.0" 403 86 "-" "WordPress.com; https://wordpress.com"
172.70.208.54 - - [21/Jun/2026:21:03:26 +0530] "POST /xmlrpc.php HTTP/2.0" 403 86 "-" "Jetpack/12.5; WordPress/6.2; http://site44768334.com"
172.70.208.54 - - [21/Jun/2026:21:03:37 +0530] "POST /xmlrpc.php HTTP/2.0" 403 86 "-" "WordPress.com; https://wordpress.com"
172.70.208.54 - - [21/Jun/2026:21:03:47 +0530] "POST /xmlrpc.php HTTP/2.0" 403 86 "-" "Jetpack/13.0; WordPress/6.4; http://site51451946.com"
172.70.208.54 - - [21/Jun/2026:21:03:58 +0530] "POST /xmlrpc.php HTTP/2.0" 403 86 "-" "WordPress.com; https://wordpress.com"
172.70.208.54 - - [21/Jun/2026:21:04:09 +0530] "POST /xmlrpc.php HTTP/2.0" 403 86 "-" "Jetpack by WordPress.com (Jetpack 13.0; WordPress 6.4)"
172.70.208.54 - - [21/Jun/2026:21:04:19 +0530] "POST /xmlrpc.php HTTP/2.0" 403 86 "-" "WordPress.com; https://wordpress.com"
172.70.208.54 - - [21/Jun/2026:21:04:30 +0530] "POST /xmlrpc.php HTTP/2.0" 403 86 "-" "Jetpack by WordPress.com"
172.70.208.54 - - [21/Jun/2026:21:04:40 +0530] "POST /xmlrpc.php HTTP/2.0" 403 86 "-" "WordPress.com; https://wordpress.com"
172.70.208.54 - - [21/Jun/2026:21:04:51 +0530] "POST /xmlrpc.php HTTP/2.0" 403 86 "-" "Jetpack/12.0; WordPress/6.2; http://site57357380.com"
172.70.208.54 - - [21/Jun/2026:21:05:02 +0530] "POST /xmlrpc.php HTTP/2.0" 403 86 "-" "Jetpack by WordPress.com"
172.70.208.54 - - [21/Jun/2026:21:05:12 +0530] "POST /xmlrpc.php HTTP/2.0" 403 86 "-" "WordPress.com; https://wordpress.com"
172.70.208.54 - - [21/Jun/2026:21:05:23 +0530] "POST /xmlrpc.php HTTP/2.0" 403 86 "-" "Jetpack/13.0; WordPress/6.2; http://site68936577.com"
172.70.208.54 - - [21/Jun/2026:21:05:33 +0530] "POST /xmlrpc.php HTTP/2.0" 403 86 "-" "WordPress.com; https://wordpress.com"
172.70.208.54 - - [21/Jun/2026:21:05:44 +0530] "POST /xmlrpc.php HTTP/2.0" 403 86 "-" "Jetpack by WordPress.com"
172.64.192.85 - - [21/Jun/2026:21:08:31 +0530] "POST /wp-cron.php?doing_wp_cron=1782056311.8927009105682373046875 HTTP/1.1" 200 4109 "-" "WordPress/7.0; https://sevasamarpancharitabletrust.org"
162.158.167.20 - - [21/Jun/2026:21:08:31 +0530] "POST /wp-login.php HTTP/1.1" 200 6968 "-" "Mozilla/5.0 (Windows NT 10.0; Win64; x64) AppleWebKit/537.36 Chrome/129.0.0.0 Safari/537.36"
104.22.20.8 - - [21/Jun/2026:21:08:31 +0530] "POST /wp-login.php HTTP/1.1" 200 6973 "-" "Mozilla/5.0 (Windows NT 10.0; Win64; rv:143.0) Gecko/20100101 Firefox/143.0"
104.22.20.9 - - [21/Jun/2026:21:24:13 +0530] "POST /wp-login.php HTTP/1.1" 200 6973 "-" "Mozilla/5.0 (Windows NT 10.0; Win64; rv:143.0) Gecko/20100101 Firefox/143.0"
172.70.90.36 - - [21/Jun/2026:21:24:14 +0530] "POST /wp-cron.php?doing_wp_cron=1782057254.0146210193634033203125 HTTP/1.1" 200 4109 "-" "WordPress/7.0; https://sevasamarpancharitabletrust.org"
104.22.20.8 - - [21/Jun/2026:21:24:13 +0530] "POST /wp-login.php HTTP/1.1" 200 6968 "-" "Mozilla/5.0 (Windows NT 10.0; Win64; rv:143.0) Gecko/20100101 Firefox/143.0"
172.70.86.136 - - [21/Jun/2026:21:30:18 +0530] "POST /wp-cron.php?doing_wp_cron=1782057618.7235929965972900390625 HTTP/1.1" 200 4109 "-" "WordPress/7.0; https://sevasamarpancharitabletrust.org"
172.70.207.119 - - [21/Jun/2026:21:30:17 +0530] "GET /wp-login.php HTTP/1.1" 200 6816 "-" "Mozilla/5.0 (Macintosh; Intel Mac OS X 10_15_7) AppleWebKit/537.36 (KHTML, like Gecko) Chrome/133.0.0.0 Safari/537.36 Edg/133.0.0.0"
172.70.207.43 - - [21/Jun/2026:21:30:21 +0530] "POST /wp-login.php HTTP/1.1" 200 6975 "https://sevasamarpancharitabletrust.org/wp-login.php" "Mozilla/5.0 (Macintosh; Intel Mac OS X 10_15_7) AppleWebKit/537.36 (KHTML, like Gecko) Chrome/133.0.0.0 Safari/537.36 Edg/133.0.0.0"
104.22.17.42 - - [21/Jun/2026:21:40:03 +0530] "POST /wp-login.php HTTP/1.1" 200 6968 "-" "Mozilla/5.0 (Windows NT 10.0; Win64; rv:143.0) Gecko/20100101 Firefox/143.0"
172.69.194.117 - - [21/Jun/2026:21:40:04 +0530] "POST /wp-cron.php?doing_wp_cron=1782058204.8227560520172119140625 HTTP/1.1" 200 4109 "-" "WordPress/7.0; https://sevasamarpancharitabletrust.org"
104.22.17.42 - - [21/Jun/2026:21:40:03 +0530] "POST /wp-login.php HTTP/1.1" 200 6973 "-" "Mozilla/5.0 (Windows NT 10.0; Win64; rv:143.0) Gecko/20100101 Firefox/143.0"
172.70.162.74 - - [21/Jun/2026:21:41:08 +0530] "POST /wp-cron.php?doing_wp_cron=1782058268.4010729789733886718750 HTTP/1.1" 200 4109 "-" "WordPress/7.0; https://sevasamarpancharitabletrust.org"
172.69.109.226 - - [21/Jun/2026:21:41:07 +0530] "GET /robots.txt HTTP/1.1" 200 4273 "-" "Mozilla/5.0 (Windows NT 10.0; Win64; x64) AppleWebKit/537.36 (KHTML, like Gecko) Chrome/103.0.5060.134 Safari/537.36"
172.69.74.204 - - [21/Jun/2026:21:41:10 +0530] "GET /wp-login.php HTTP/1.1" 200 6816 "-" "Mozilla/5.0 (X11; Linux x86_64) AppleWebKit/537.36 (KHTML, like Gecko) Chrome/133.0.0.0 Safari/537.36"
172.69.74.240 - - [21/Jun/2026:21:41:12 +0530] "POST /wp-login.php HTTP/1.1" 200 6975 "https://sevasamarpancharitabletrust.org/wp-login.php" "Mozilla/5.0 (X11; Linux x86_64) AppleWebKit/537.36 (KHTML, like Gecko) Chrome/133.0.0.0 Safari/537.36"
172.71.155.170 - - [21/Jun/2026:21:55:52 +0530] "POST /wp-login.php HTTP/1.1" 200 6973 "-" "Mozilla/5.0 (Macintosh; Intel Mac OS X 10_15_7) AppleWebKit/605.1.15 Version/17.0 Safari/605.1.15"
172.69.194.116 - - [21/Jun/2026:21:55:53 +0530] "POST /wp-cron.php?doing_wp_cron=1782059153.6289069652557373046875 HTTP/1.1" 200 4109 "-" "WordPress/7.0; https://sevasamarpancharitabletrust.org"
104.22.17.42 - - [21/Jun/2026:21:55:52 +0530] "POST /wp-login.php HTTP/1.1" 200 6968 "-" "Mozilla/5.0 (Windows NT 10.0; Win64; rv:143.0) Gecko/20100101 Firefox/143.0"
141.101.98.182 - - [21/Jun/2026:21:57:06 +0530] "POST /wp-cron.php?doing_wp_cron=1782059226.3731451034545898437500 HTTP/1.1" 200 4109 "-" "WordPress/7.0; https://sevasamarpancharitabletrust.org"
104.23.209.91 - - [21/Jun/2026:21:57:04 +0530] "GET /story/ HTTP/1.1" 200 28272 "-" "meta-externalagent/1.1 (+https://developers.facebook.com/docs/sharing/webmasters/crawler)"
162.158.87.117 - - [21/Jun/2026:21:57:39 +0530] "GET /wp-login.php HTTP/1.1" 200 6816 "-" "Mozilla/5.0 (Macintosh; Intel Mac OS X 14_7_4) AppleWebKit/537.36 (KHTML, like Gecko) Chrome/133.0.0.0 Safari/537.36"
162.158.216.84 - - [21/Jun/2026:21:57:43 +0530] "POST /wp-cron.php?doing_wp_cron=1782059263.6054389476776123046875 HTTP/1.1" 200 4109 "-" "WordPress/7.0; https://sevasamarpancharitabletrust.org"
162.158.86.28 - - [21/Jun/2026:21:57:42 +0530] "POST /wp-login.php HTTP/1.1" 200 6954 "https://sevasamarpancharitabletrust.org/wp-login.php" "Mozilla/5.0 (Macintosh; Intel Mac OS X 14_7_4) AppleWebKit/537.36 (KHTML, like Gecko) Chrome/133.0.0.0 Safari/537.36"
172.64.192.85 - - [21/Jun/2026:21:58:52 +0530] "POST /wp-cron.php?doing_wp_cron=1782059332.7731211185455322265625 HTTP/1.1" 200 4109 "-" "WordPress/7.0; https://sevasamarpancharitabletrust.org"
162.158.193.228 - - [21/Jun/2026:21:58:52 +0530] "GET /wp-login.php HTTP/1.1" 200 6816 "-" "Mozilla/5.0 (Windows NT 10.0; Win64; x64) AppleWebKit/537.36 (KHTML, like Gecko) Chrome/133.0.0.0 Safari/537.36"
162.158.193.34 - - [21/Jun/2026:21:58:53 +0530] "POST /wp-login.php HTTP/1.1" 200 6975 "https://sevasamarpancharitabletrust.org/wp-login.php" "Mozilla/5.0 (Windows NT 10.0; Win64; x64) AppleWebKit/537.36 (KHTML, like Gecko) Chrome/133.0.0.0 Safari/537.36"
172.71.178.55 - - [21/Jun/2026:22:05:58 +0530] "POST /wp-cron.php?doing_wp_cron=1782059758.4827969074249267578125 HTTP/1.1" 200 4109 "-" "WordPress/7.0; https://sevasamarpancharitabletrust.org"
172.71.190.52 - - [21/Jun/2026:22:05:57 +0530] "GET /privacy-policy/ HTTP/1.1" 200 24289 "-" "meta-externalagent/1.1 (+https://developers.facebook.com/docs/sharing/webmasters/crawler)"
162.158.216.84 - - [21/Jun/2026:22:08:53 +0530] "POST /wp-cron.php?doing_wp_cron=1782059933.9062249660491943359375 HTTP/1.1" 200 4109 "-" "WordPress/7.0; https://sevasamarpancharitabletrust.org"
172.69.136.178 - - [21/Jun/2026:22:08:52 +0530] "GET /plugins/editors/jce/jce.xml HTTP/1.1" 404 77199 "-" "SecurityAudit/1.0"
172.69.136.178 - - [21/Jun/2026:22:08:54 +0530] "GET /administrator/components/com_jce/jce.xml HTTP/1.1" 404 77199 "-" "SecurityAudit/1.0"
172.69.224.85 - - [21/Jun/2026:22:11:37 +0530] "POST /wp-cron.php?doing_wp_cron=1782060097.9186370372772216796875 HTTP/1.1" 200 4109 "-" "WordPress/7.0; https://sevasamarpancharitabletrust.org"
104.22.17.42 - - [21/Jun/2026:22:11:37 +0530] "POST /wp-login.php HTTP/1.1" 200 6968 "-" "Mozilla/5.0 (Windows NT 10.0; Win64; rv:143.0) Gecko/20100101 Firefox/143.0"
104.22.17.42 - - [21/Jun/2026:22:11:37 +0530] "POST /wp-login.php HTTP/1.1" 200 6973 "-" "Mozilla/5.0 (Windows NT 10.0; Win64; x64) AppleWebKit/537.36 Chrome/129.0.0.0 Safari/537.36"
172.69.224.85 - - [21/Jun/2026:22:15:12 +0530] "POST /wp-cron.php?doing_wp_cron=1782060312.7257719039916992187500 HTTP/1.1" 200 4109 "-" "WordPress/7.0; https://sevasamarpancharitabletrust.org"
172.71.160.190 - - [21/Jun/2026:22:15:11 +0530] "GET /wp-login.php HTTP/1.1" 200 6816 "-" "Mozilla/5.0 (X11; Ubuntu; Linux x86_64) AppleWebKit/537.36 (KHTML, like Gecko) Chrome/133.0.0.0 Safari/537.36"
172.71.160.145 - - [21/Jun/2026:22:15:16 +0530] "POST /wp-login.php HTTP/1.1" 200 6954 "https://sevasamarpancharitabletrust.org/wp-login.php" "Mozilla/5.0 (X11; Ubuntu; Linux x86_64) AppleWebKit/537.36 (KHTML, like Gecko) Chrome/133.0.0.0 Safari/537.36"
172.71.178.55 - - [21/Jun/2026:22:18:24 +0530] "POST /wp-cron.php?doing_wp_cron=1782060504.2383239269256591796875 HTTP/1.1" 200 4109 "-" "WordPress/7.0; https://sevasamarpancharitabletrust.org"
104.23.195.8 - - [21/Jun/2026:22:18:23 +0530] "GET /wp-login.php HTTP/1.1" 200 6816 "-" "Mozilla/5.0 (Macintosh; Intel Mac OS X 11_7_10) AppleWebKit/537.36 (KHTML, like Gecko) Chrome/133.0.0.0 Safari/537.36"
104.23.195.8 - - [21/Jun/2026:22:18:33 +0530] "POST /wp-login.php HTTP/1.1" 200 6975 "https://sevasamarpancharitabletrust.org/wp-login.php" "Mozilla/5.0 (Macintosh; Intel Mac OS X 11_7_10) AppleWebKit/537.36 (KHTML, like Gecko) Chrome/133.0.0.0 Safari/537.36"
172.71.241.53 - - [21/Jun/2026:22:26:06 +0530] "POST /wp-cron.php?doing_wp_cron=1782060966.0975410938262939453125 HTTP/1.1" 200 4109 "-" "WordPress/7.0; https://sevasamarpancharitabletrust.org"
172.71.160.190 - - [21/Jun/2026:22:26:05 +0530] "GET /wp-login.php HTTP/1.1" 200 6816 "-" "Mozilla/5.0 (X11; Linux i686) AppleWebKit/537.36 (KHTML, like Gecko) Chrome/133.0.0.0 Safari/537.36"
172.71.160.190 - - [21/Jun/2026:22:26:12 +0530] "POST /wp-login.php HTTP/1.1" 200 6975 "https://sevasamarpancharitabletrust.org/wp-login.php" "Mozilla/5.0 (X11; Linux i686) AppleWebKit/537.36 (KHTML, like Gecko) Chrome/133.0.0.0 Safari/537.36"
172.69.135.167 - - [21/Jun/2026:22:27:27 +0530] "POST /wp-login.php HTTP/1.1" 200 6968 "-" "Mozilla/5.0 (Macintosh; Intel Mac OS X 10_15_7) AppleWebKit/605.1.15 Version/17.0 Safari/605.1.15"
141.101.98.183 - - [21/Jun/2026:22:27:28 +0530] "POST /wp-cron.php?doing_wp_cron=1782061048.3680219650268554687500 HTTP/1.1" 200 4109 "-" "WordPress/7.0; https://sevasamarpancharitabletrust.org"
104.22.17.42 - - [21/Jun/2026:22:27:27 +0530] "POST /wp-login.php HTTP/1.1" 200 6973 "-" "Mozilla/5.0 (Windows NT 10.0; Win64; rv:143.0) Gecko/20100101 Firefox/143.0"
172.68.229.172 - - [21/Jun/2026:22:35:40 +0530] "POST /wp-cron.php?doing_wp_cron=1782061540.4459669589996337890625 HTTP/1.1" 200 4109 "-" "WordPress/7.0; https://sevasamarpancharitabletrust.org"
172.71.28.166 - - [21/Jun/2026:22:35:39 +0530] "GET /robots.txt HTTP/1.1" 200 4273 "-" "Mozilla/5.0 AppleWebKit/537.36 (KHTML, like Gecko; compatible; ClaudeBot/1.0; [email protected])"
104.23.243.25 - - [21/Jun/2026:22:35:40 +0530] "GET /wp-sitemap.xml HTTP/1.1" 200 4306 "-" "Mozilla/5.0 AppleWebKit/537.36 (KHTML, like Gecko; compatible; ClaudeBot/1.0; [email protected])"
172.71.178.54 - - [21/Jun/2026:22:38:52 +0530] "POST /wp-cron.php?doing_wp_cron=1782061732.0505380630493164062500 HTTP/1.1" 200 4109 "-" "WordPress/7.0; https://sevasamarpancharitabletrust.org"
104.22.66.39 - - [21/Jun/2026:22:38:51 +0530] "GET /wp-login.php HTTP/1.1" 200 6816 "-" "Mozilla/5.0 (X11; Linux x86_64; rv:133.0) Gecko/20100101 Firefox/133.0"
104.22.66.39 - - [21/Jun/2026:22:38:52 +0530] "POST /wp-login.php HTTP/1.1" 200 6975 "https://sevasamarpancharitabletrust.org/wp-login.php" "Mozilla/5.0 (X11; Linux x86_64; rv:133.0) Gecko/20100101 Firefox/133.0"
162.158.216.85 - - [21/Jun/2026:22:40:15 +0530] "POST /wp-cron.php?doing_wp_cron=1782061815.5059070587158203125000 HTTP/1.1" 200 4109 "-" "WordPress/7.0; https://sevasamarpancharitabletrust.org"
162.158.170.168 - - [21/Jun/2026:22:40:14 +0530] "GET /robots.txt HTTP/1.1" 200 4273 "-" "Mozilla/5.0 (Linux; Android 5.0) AppleWebKit/537.36 (KHTML, like Gecko) Mobile Safari/537.36 (compatible; Bytespider; [email protected])"
198.41.227.152 - - [21/Jun/2026:22:41:36 +0530] "GET /wp-json/wp/v2/users/me HTTP/1.1" 403 4874 "-" "Mozilla/5.0 (X11; Ubuntu; Linux x86_64) AppleWebKit/537.36 (KHTML, like Gecko) Chrome/133.0.0.0 Safari/537.36"
104.22.17.43 - - [21/Jun/2026:22:43:19 +0530] "POST /wp-login.php HTTP/1.1" 200 6973 "-" "Mozilla/5.0 (Windows NT 10.0; Win64; rv:143.0) Gecko/20100101 Firefox/143.0"
172.70.162.74 - - [21/Jun/2026:22:43:20 +0530] "POST /wp-cron.php?doing_wp_cron=1782062000.6863939762115478515625 HTTP/1.1" 200 4109 "-" "WordPress/7.0; https://sevasamarpancharitabletrust.org"
172.69.134.54 - - [21/Jun/2026:22:43:19 +0530] "POST /wp-login.php HTTP/1.1" 200 6968 "-" "Mozilla/5.0 (Windows NT 10.0; Win64; rv:143.0) Gecko/20100101 Firefox/143.0"
141.101.98.183 - - [21/Jun/2026:22:46:13 +0530] "POST /wp-cron.php?doing_wp_cron=1782062173.1574969291687011718750 HTTP/1.1" 200 4109 "-" "WordPress/7.0; https://sevasamarpancharitabletrust.org"
172.70.93.42 - - [21/Jun/2026:22:46:12 +0530] "GET /wp-login.php HTTP/1.1" 200 6816 "-" "Mozilla/5.0 (Windows NT 10.0; WOW64) AppleWebKit/537.36 (KHTML, like Gecko) Chrome/133.0.0.0 Safari/537.36"
172.70.93.36 - - [21/Jun/2026:22:46:14 +0530] "POST /wp-login.php HTTP/1.1" 200 6975 "https://sevasamarpancharitabletrust.org/wp-login.php" "Mozilla/5.0 (Windows NT 10.0; WOW64) AppleWebKit/537.36 (KHTML, like Gecko) Chrome/133.0.0.0 Safari/537.36"
172.70.162.73 - - [21/Jun/2026:22:58:26 +0530] "POST /wp-cron.php?doing_wp_cron=1782062906.0256218910217285156250 HTTP/1.1" 200 4109 "-" "WordPress/7.0; https://sevasamarpancharitabletrust.org"
104.22.17.42 - - [21/Jun/2026:22:58:24 +0530] "GET / HTTP/1.1" 200 31304 "http://sevasamarpancharitabletrust.org" "Mozilla/5.0 (iPhone; CPU iPhone OS 13_2_3 like Mac OS X) AppleWebKit/605.1.15 (KHTML, like Gecko) Version/13.0.3 Mobile/15E148 Safari/604.1"
172.71.155.169 - - [21/Jun/2026:22:59:07 +0530] "POST /wp-login.php HTTP/1.1" 200 6973 "-" "Mozilla/5.0 (Windows NT 10.0; Win64; rv:143.0) Gecko/20100101 Firefox/143.0"
172.70.162.73 - - [21/Jun/2026:22:59:08 +0530] "POST /wp-cron.php?doing_wp_cron=1782062948.6598370075225830078125 HTTP/1.1" 200 4109 "-" "WordPress/7.0; https://sevasamarpancharitabletrust.org"
172.71.158.6 - - [21/Jun/2026:22:59:07 +0530] "POST /wp-login.php HTTP/1.1" 200 6968 "-" "Mozilla/5.0 (Windows NT 10.0; Win64; x64) AppleWebKit/537.36 Chrome/129.0.0.0 Safari/537.36"
172.70.162.73 - - [21/Jun/2026:23:03:28 +0530] "POST /wp-cron.php?doing_wp_cron=1782063208.8589720726013183593750 HTTP/1.1" 200 4109 "-" "WordPress/7.0; https://sevasamarpancharitabletrust.org"
172.69.58.201 - - [21/Jun/2026:23:03:27 +0530] "GET / HTTP/1.1" 200 31304 "-" "Mozilla/5.0 (Windows NT 10.0; Win64; x64) AppleWebKit/537.36 (KHTML, like Gecko) Chrome/145.0.0.0 Safari/537.36"
172.70.178.11 - - [21/Jun/2026:23:03:28 +0530] "POST / HTTP/1.1" 200 31304 "https://sevasamarpancharitabletrust.org/" "Mozilla/5.0 (Windows NT 10.0; Win64; x64) AppleWebKit/537.36 (KHTML, like Gecko) Chrome/144.0.0.0 Safari/537.36"
172.70.127.148 - - [21/Jun/2026:23:03:29 +0530] "POST / HTTP/1.1" 200 31304 "https://sevasamarpancharitabletrust.org/" "Mozilla/5.0 (Macintosh; Intel Mac OS X 10_15_7) AppleWebKit/537.36 (KHTML, like Gecko) Chrome/145.0.0.0 Safari/537.36"
172.70.90.36 - - [21/Jun/2026:23:05:19 +0530] "POST /wp-cron.php?doing_wp_cron=1782063319.1146879196166992187500 HTTP/1.1" 200 4109 "-" "WordPress/7.0; https://sevasamarpancharitabletrust.org"
172.71.164.150 - - [21/Jun/2026:23:05:18 +0530] "GET /wp-login.php HTTP/1.1" 200 6816 "-" "Mozilla/5.0 (Macintosh; Intel Mac OS X 10_15_7) AppleWebKit/537.36 (KHTML, like Gecko) Chrome/133.0.0.0 Safari/537.36 Edg/133.0.0.0"
172.71.164.161 - - [21/Jun/2026:23:05:19 +0530] "POST /wp-login.php HTTP/1.1" 200 6975 "https://sevasamarpancharitabletrust.org/wp-login.php" "Mozilla/5.0 (Macintosh; Intel Mac OS X 10_15_7) AppleWebKit/537.36 (KHTML, like Gecko) Chrome/133.0.0.0 Safari/537.36 Edg/133.0.0.0"
172.71.178.55 - - [21/Jun/2026:23:14:59 +0530] "POST /wp-cron.php?doing_wp_cron=1782063899.7390000820159912109375 HTTP/1.1" 200 4109 "-" "WordPress/7.0; https://sevasamarpancharitabletrust.org"
104.22.20.9 - - [21/Jun/2026:23:14:58 +0530] "POST /wp-login.php HTTP/1.1" 200 6973 "-" "Mozilla/5.0 (Macintosh; Intel Mac OS X 10_15_7) AppleWebKit/605.1.15 Version/17.0 Safari/605.1.15"
172.69.22.52 - - [21/Jun/2026:23:14:58 +0530] "POST /wp-login.php HTTP/1.1" 200 6968 "-" "Mozilla/5.0 (Windows NT 10.0; Win64; rv:143.0) Gecko/20100101 Firefox/143.0"
172.69.224.84 - - [21/Jun/2026:23:16:38 +0530] "POST /wp-cron.php?doing_wp_cron=1782063998.1802930831909179687500 HTTP/1.1" 200 4109 "-" "WordPress/7.0; https://sevasamarpancharitabletrust.org"
162.158.193.229 - - [21/Jun/2026:23:16:37 +0530] "GET /wp-login.php HTTP/1.1" 200 6816 "-" "Mozilla/5.0 (X11; Linux x86_64) AppleWebKit/537.36 (KHTML, like Gecko) Chrome/133.0.0.0 Safari/537.36"
162.158.193.35 - - [21/Jun/2026:23:16:39 +0530] "POST /wp-login.php HTTP/1.1" 200 6975 "https://sevasamarpancharitabletrust.org/wp-login.php" "Mozilla/5.0 (X11; Linux x86_64) AppleWebKit/537.36 (KHTML, like Gecko) Chrome/133.0.0.0 Safari/537.36"
172.71.241.52 - - [21/Jun/2026:23:17:10 +0530] "POST /wp-cron.php?doing_wp_cron=1782064030.9118270874023437500000 HTTP/1.1" 200 4109 "-" "WordPress/7.0; https://sevasamarpancharitabletrust.org"
162.159.98.104 - - [21/Jun/2026:23:17:10 +0530] "GET /wp-login.php HTTP/1.1" 200 6816 "-" "Mozilla/5.0 (Macintosh; Intel Mac OS X 14_7_4) AppleWebKit/537.36 (KHTML, like Gecko) Chrome/133.0.0.0 Safari/537.36"
162.159.98.27 - - [21/Jun/2026:23:17:12 +0530] "POST /wp-login.php HTTP/1.1" 200 6954 "https://sevasamarpancharitabletrust.org/wp-login.php" "Mozilla/5.0 (Macintosh; Intel Mac OS X 14_7_4) AppleWebKit/537.36 (KHTML, like Gecko) Chrome/133.0.0.0 Safari/537.36"
104.23.221.13 - - [21/Jun/2026:23:20:18 +0530] "GET /.env HTTP/1.1" 403 4874 "-" "Mozilla/5.0 (Fedora; Linux x86_64) AppleWebKit/537.36 (KHTML, like Gecko) Chrome/132.0.0.0 Safari/537.36"
162.158.216.85 - - [21/Jun/2026:23:20:19 +0530] "POST /wp-cron.php?doing_wp_cron=1782064219.1847059726715087890625 HTTP/1.1" 200 4109 "-" "WordPress/7.0; https://sevasamarpancharitabletrust.org"
104.23.223.122 - - [21/Jun/2026:23:20:18 +0530] "GET /config.json HTTP/1.1" 404 77138 "-" "Mozilla/5.0 (Fedora; Linux i686) AppleWebKit/537.36 (KHTML, like Gecko) Chrome/131.0.0.0 Safari/537.36"
172.70.162.73 - - [21/Jun/2026:23:27:51 +0530] "POST /wp-cron.php?doing_wp_cron=1782064671.5422620773315429687500 HTTP/1.1" 200 4109 "-" "WordPress/7.0; https://sevasamarpancharitabletrust.org"
172.68.135.24 - - [21/Jun/2026:23:27:50 +0530] "GET /wp-login.php HTTP/1.1" 200 6816 "-" "Mozilla/5.0 (Windows NT 10.0; Win64; x64) AppleWebKit/537.36 (KHTML, like Gecko) Chrome/133.0.0.0 Safari/537.36 Edg/133.0.0.0"
104.22.7.113 - - [21/Jun/2026:23:27:54 +0530] "POST /wp-login.php HTTP/1.1" 200 6954 "https://sevasamarpancharitabletrust.org/wp-login.php" "Mozilla/5.0 (Windows NT 10.0; Win64; x64) AppleWebKit/537.36 (KHTML, like Gecko) Chrome/133.0.0.0 Safari/537.36 Edg/133.0.0.0"
172.70.90.37 - - [21/Jun/2026:23:29:09 +0530] "POST /wp-cron.php?doing_wp_cron=1782064749.7614400386810302734375 HTTP/1.1" 200 4109 "-" "WordPress/7.0; https://sevasamarpancharitabletrust.org"
172.71.160.190 - - [21/Jun/2026:23:29:09 +0530] "GET /wp-login.php HTTP/1.1" 200 6816 "-" "Mozilla/5.0 (X11; Fedora; Linux x86_64) AppleWebKit/537.36 (KHTML, like Gecko) Chrome/133.0.0.0 Safari/537.36"
172.71.160.145 - - [21/Jun/2026:23:29:10 +0530] "POST /wp-login.php HTTP/1.1" 200 6975 "https://sevasamarpancharitabletrust.org/wp-login.php" "Mozilla/5.0 (X11; Fedora; Linux x86_64) AppleWebKit/537.36 (KHTML, like Gecko) Chrome/133.0.0.0 Safari/537.36"
104.23.254.62 - - [21/Jun/2026:23:29:46 +0530] "POST /xmlrpc.php HTTP/2.0" 403 129 "-" "Mozilla/5.0 (X11; Ubuntu; Linux x86_64; x64) AppleWebKit/537.36 (KHTML, like Gecko) Chrome/80.0.0.0 Safari/537.36"
141.101.98.183 - - [21/Jun/2026:23:30:52 +0530] "POST /wp-cron.php?doing_wp_cron=1782064852.8082609176635742187500 HTTP/1.1" 200 4109 "-" "WordPress/7.0; https://sevasamarpancharitabletrust.org"
172.71.158.7 - - [21/Jun/2026:23:30:52 +0530] "POST /wp-login.php HTTP/1.1" 200 6968 "-" "Mozilla/5.0 (Windows NT 10.0; Win64; rv:143.0) Gecko/20100101 Firefox/143.0"
104.22.17.43 - - [21/Jun/2026:23:30:52 +0530] "POST /wp-login.php HTTP/1.1" 200 6973 "-" "Mozilla/5.0 (Windows NT 10.0; Win64; x64) AppleWebKit/537.36 Chrome/129.0.0.0 Safari/537.36"
104.23.209.91 - - [21/Jun/2026:23:31:40 +0530] "GET /wp-json/oembed/1.0/embed?url=https%3A%2F%2Fsevasamarpancharitabletrust.org%2Fhello-world%2F HTTP/1.1" 200 6655 "-" "meta-webindexer/1.1 (+https://developers.facebook.com/docs/sharing/webmasters/crawler)"
172.70.162.74 - - [21/Jun/2026:23:38:03 +0530] "POST /wp-cron.php?doing_wp_cron=1782065283.1759419441223144531250 HTTP/1.1" 200 4109 "-" "WordPress/7.0; https://sevasamarpancharitabletrust.org"
172.71.148.35 - - [21/Jun/2026:23:38:02 +0530] "GET /wp-login.php HTTP/1.1" 200 6816 "-" "Mozilla/5.0 (X11; Ubuntu; Linux x86_64) AppleWebKit/537.36 (KHTML, like Gecko) Chrome/133.0.0.0 Safari/537.36"
172.71.148.42 - - [21/Jun/2026:23:38:03 +0530] "POST /wp-login.php HTTP/1.1" 200 6954 "https://sevasamarpancharitabletrust.org/wp-login.php" "Mozilla/5.0 (X11; Ubuntu; Linux x86_64) AppleWebKit/537.36 (KHTML, like Gecko) Chrome/133.0.0.0 Safari/537.36"
162.158.216.85 - - [21/Jun/2026:23:42:01 +0530] "POST /wp-cron.php?doing_wp_cron=1782065521.3278961181640625000000 HTTP/1.1" 200 4109 "-" "WordPress/7.0; https://sevasamarpancharitabletrust.org"
162.159.98.104 - - [21/Jun/2026:23:42:00 +0530] "GET /wp-login.php HTTP/1.1" 200 6816 "-" "Mozilla/5.0 (Windows NT 10.0; Win64; x64) AppleWebKit/537.36 (KHTML, like Gecko) Chrome/133.0.0.0 Safari/537.36"
162.159.98.104 - - [21/Jun/2026:23:42:01 +0530] "POST /wp-login.php HTTP/1.1" 200 6975 "https://sevasamarpancharitabletrust.org/wp-login.php" "Mozilla/5.0 (Windows NT 10.0; Win64; x64) AppleWebKit/537.36 (KHTML, like Gecko) Chrome/133.0.0.0 Safari/537.36"
172.71.195.90 - - [21/Jun/2026:23:42:25 +0530] "GET / HTTP/1.1" 301 4109 "http://www.sevasamarpancharitabletrust.org" "Mozilla/5.0 (iPhone; CPU iPhone OS 13_2_3 like Mac OS X) AppleWebKit/605.1.15 (KHTML, like Gecko) Version/13.0.3 Mobile/15E148 Safari/604.1"
172.70.38.124 - - [21/Jun/2026:23:42:26 +0530] "GET / HTTP/1.1" 200 31304 "https://www.sevasamarpancharitabletrust.org/" "Mozilla/5.0 (iPhone; CPU iPhone OS 13_2_3 like Mac OS X) AppleWebKit/605.1.15 (KHTML, like Gecko) Version/13.0.3 Mobile/15E148 Safari/604.1"
172.71.155.169 - - [21/Jun/2026:23:46:57 +0530] "POST /wp-login.php HTTP/1.1" 200 6968 "-" "Mozilla/5.0 (Windows NT 10.0; Win64; rv:143.0) Gecko/20100101 Firefox/143.0"
162.158.216.85 - - [21/Jun/2026:23:46:58 +0530] "POST /wp-cron.php?doing_wp_cron=1782065818.3400990962982177734375 HTTP/1.1" 200 4109 "-" "WordPress/7.0; https://sevasamarpancharitabletrust.org"
104.22.20.9 - - [21/Jun/2026:23:46:57 +0530] "POST /wp-login.php HTTP/1.1" 200 6973 "-" "Mozilla/5.0 (Macintosh; Intel Mac OS X 10_15_7) AppleWebKit/605.1.15 Version/17.0 Safari/605.1.15"
162.158.244.142 - - [21/Jun/2026:23:47:06 +0530] "GET /wp-login.php HTTP/1.1" 200 6816 "-" "Mozilla/5.0 (Windows NT 6.3; WOW64; rv:31.0) Gecko/20100101 Firefox/31.0"
172.71.178.55 - - [21/Jun/2026:23:47:49 +0530] "POST /wp-cron.php?doing_wp_cron=1782065869.5846920013427734375000 HTTP/1.1" 200 4109 "-" "WordPress/7.0; https://sevasamarpancharitabletrust.org"
162.158.244.142 - - [21/Jun/2026:23:47:48 +0530] "POST /wp-login.php HTTP/1.1" 200 6954 "-" "Mozilla/5.0 (Windows NT 6.3; WOW64; rv:31.0) Gecko/20100101 Firefox/31.0"
162.158.244.142 - - [21/Jun/2026:23:48:26 +0530] "GET /wp-login.php HTTP/1.1" 200 6816 "-" "Mozilla/5.0 (Macintosh; Intel Mac OS X 10.6; rv:31.0) Gecko/20100101 Firefox/31.0"
162.158.244.142 - - [21/Jun/2026:23:48:28 +0530] "POST /wp-login.php HTTP/1.1" 200 6954 "-" "Mozilla/5.0 (Macintosh; Intel Mac OS X 10.6; rv:31.0) Gecko/20100101 Firefox/31.0"
172.69.109.70 - - [21/Jun/2026:23:48:42 +0530] "GET /wp-login.php HTTP/1.1" 200 6816 "-" "Mozilla/5.0 (Windows NT 10.0) AppleWebKit/537.36 (KHTML, like Gecko) Chrome/133.0.0.0 Safari/537.36"
172.71.241.52 - - [21/Jun/2026:23:48:47 +0530] "POST /wp-cron.php?doing_wp_cron=1782065927.7326900959014892578125 HTTP/1.1" 200 4109 "-" "WordPress/7.0; https://sevasamarpancharitabletrust.org"
172.69.109.38 - - [21/Jun/2026:23:48:46 +0530] "POST /wp-login.php HTTP/1.1" 200 6954 "https://sevasamarpancharitabletrust.org/wp-login.php" "Mozilla/5.0 (Windows NT 10.0) AppleWebKit/537.36 (KHTML, like Gecko) Chrome/133.0.0.0 Safari/537.36"
172.70.142.61 - - [21/Jun/2026:23:49:16 +0530] "GET /LICENSE.txt HTTP/2.0" 403 86 "-" "Mozilla/5.0"
172.70.142.61 - - [21/Jun/2026:23:49:27 +0530] "GET /administrator/ HTTP/1.1" 301 4235 "-" "Mozilla/5.0"
172.71.152.67 - - [21/Jun/2026:23:49:38 +0530] "GET /administrator/ HTTP/1.1" 404 77138 "-" "Mozilla/5.0"
